{"id":1586,"date":"2012-07-29T13:53:27","date_gmt":"2012-07-29T13:53:27","guid":{"rendered":"http:\/\/www.calas-welt.de\/?page_id=1586"},"modified":"2019-08-07T14:47:22","modified_gmt":"2019-08-07T14:47:22","slug":"termine-2","status":"publish","type":"page","link":"http:\/\/www.calas-welt.de\/?page_id=1586","title":{"rendered":"Veranstaltungen"},"content":{"rendered":"<p style=\"text-align: center;\"><a href=\"http:\/\/www.calas-welt.de\/wp-content\/uploads\/2012\/07\/160306_Collage_Stammtisch_Cala_1_klein.jpg\" rel=\"attachment wp-att-4959\"><img loading=\"lazy\" decoding=\"async\" class=\"alignnone size-full wp-image-4959\" src=\"http:\/\/www.calas-welt.de\/wp-content\/uploads\/2012\/07\/160306_Collage_Stammtisch_Cala_1_klein.jpg\" alt=\"160306_Collage_Stammtisch_Cala_1_klein\" width=\"800\" height=\"400\" srcset=\"http:\/\/www.calas-welt.de\/wp-content\/uploads\/2012\/07\/160306_Collage_Stammtisch_Cala_1_klein.jpg 800w, http:\/\/www.calas-welt.de\/wp-content\/uploads\/2012\/07\/160306_Collage_Stammtisch_Cala_1_klein-300x150.jpg 300w, http:\/\/www.calas-welt.de\/wp-content\/uploads\/2012\/07\/160306_Collage_Stammtisch_Cala_1_klein-768x384.jpg 768w\" sizes=\"auto, (max-width: 800px) 100vw, 800px\" \/><\/a><\/p>\n<p style=\"text-align: center;\"><b>Termine bei Cala kocht &#8211; Veranstaltungs\u00fcbersicht<br \/>\n<\/b><br \/>\nWenn nicht anders angegeben finden alle Veranstaltungen bei uns in<br \/>\nRodgau J\u00fcgesheim, Westring 29 statt.<b><br \/>\n<\/b><\/p>\n<p style=\"text-align: center;\">Anmeldung: info@cala-kocht.de<br \/>\noder telefonisch unter 0177-3056987<b><br \/>\n<\/b>wichtig: bitte auch bei kostenlosen Veranstaltungen bitte unbedingt vorher anmelden.<br \/>\n<span style=\"text-decoration: underline;\">Anmeldungen f\u00fcr kostenpflichtige Veranstaltungen sind verbindlich<\/span>. <b><\/b><\/p>\n<p style=\"text-align: center;\">_____________________________________________________________<\/p>\n<p><strong>Themenabende<\/strong><\/p>\n<p>Die Themenabende machen durch das erworbene Hintergrundwissen Lust, sich (wieder) gesund zu ern\u00e4hren, geben Tipps f\u00fcr den Alltag und vermitteln Handlungalternativen.<br \/>\n<strong><br \/>\nThemenabend &#8222;Intermittierendes Fasten&#8220;<br \/>\n<\/strong>&#8212; noch kein neuer Termin festgelegt &#8212;<\/p>\n<p style=\"text-align: center;\">Das Intermittierende Fasten ist im Moment einer der gr\u00f6\u00dften Ern\u00e4hrungstrends.<br \/>\nAber was ist das genau? Wie geht das? Ist das gesund? Was passiert im K\u00f6rper beim intermittierenden Fasten? Ist das alltagtauglich? Worauf muss man achten? Und ist das f\u00fcr jeden gleicherma\u00dfen geeignet?<\/p>\n<p style=\"text-align: center;\"><strong>Themenabend<\/strong> &#8222;<strong>Gibt es eine artgerechte Ern\u00e4hung f\u00fcr den Menschen?<\/strong>&#8220;<br \/>\n&#8212; noch kein neuer Termin festgelegt &#8212;<\/p>\n<p style=\"text-align: center;\">Bei unseren Haustieren ist es f\u00fcr uns selbstverst\u00e4ndlich, sie artgerecht zu ern\u00e4hren. Niemand von uns k\u00e4me auf die Idee, einen Hund mit Brot und Kuchen oder ein Pferd mit Bratwurst zu f\u00fcttern. Statt dessen legen wir Wert auf eine artgerechte Ern\u00e4hrung und orientieren und dabei an den biolgischen Gegebenheiten.<br \/>\nM\u00fcsste es dann nicht auch eine artgerechte Ern\u00e4hrung f\u00fcr den Menschen geben?<br \/>\nUnd wenn ja &#8211; wie m\u00fcsste diese aussehen?<\/p>\n<p style=\"text-align: center;\"><strong>Themenabend &#8222;Zucker&#8220;<\/strong><br \/>\n&#8212; noch kein neuer Termin festgelegt &#8212;<\/p>\n<p>Ist Zucker ein Freund oder ein Feind? Wozu braucht der K\u00f6rper Zucker?<br \/>\nWas passiert mit Zucker im Stoffwechsel? Gibt es gesunde Zuckeralternativen?<\/p>\n<p style=\"text-align: center;\">Zucker wird immer wieder hei\u00df diskutiert. Sogar von einer Zuckersucht ist die Rede. Kann das sein? M\u00fcssen wir Zucker wirklich aus der Ern\u00e4hrung streichen und &#8211; falls ja &#8211; welche Alternativen gibt es?<\/p>\n<p style=\"text-align: center;\">Ich werde leicht verst\u00e4ndlich Hintergrundinformationen geben und gerne auch Teilnehmerfragen aufgreifen.<\/p>\n<p style=\"text-align: center;\"><strong>Themenabend Omega-3<br \/>\nDonnerstag, 01. August 2019, 19 Uhr<br \/>\n<\/strong>&#8212; noch kein neuer Termin festgelegt &#8212;<strong><br \/>\n<\/strong><br \/>\nOMEGA-3-Fetts\u00e4uren haben eine wichtige Funktion in der Ern\u00e4hrung.<br \/>\nZahlreiche Studien zeigen, dass eine gute Versorgung mit OMEGA-3-Fetts\u00e4uren f\u00fcr den Stoffwechsel und die Gesundheit entscheidend ist.<br \/>\nWorauf Sie achten sollten, wann Supplemente sinnvoll sind und wie man den Bedarf an OMEGA-3-Fetts\u00e4uren sinnvoll decken kann, schauen wir uns gemeinsam an.<\/p>\n<p style=\"text-align: center;\">Die Themenabende sind auf maximal 8 Teilnehmer beschr\u00e4nkt.<br \/>\nSie kosten 29,00 \u20ac pro Person inkl. Handout<br \/>\nDie Themenabende finden in Calas Esszimmer statt:<br \/>\nWestring 29, 63110 Rodgau<br \/>\nAnmeldung per EMail an info@cala-kocht-de<\/p>\n<p>_______________________________________________________________<\/p>\n<p style=\"text-align: center;\"><strong>RINGANA Fresh Dates<br \/>\n<\/strong>(Pr\u00e4sentation der <a href=\"http:\/\/www.ringana.com\/465259\">RINGANA-Produkte<\/a> f\u00fcr Interessierte)<\/p>\n<p style=\"text-align: center;\">Fresh Dates bei mir (Calas Esszimmer)<br \/>\n&#8212; noch kein neuen Termine festgelegt &#8212;<\/p>\n<p style=\"text-align: center;\">Infos und Anmeldung: info@cala-kocht.de<br \/>\nDie Teilnahme an allen Fresh Dates ist kostenlos.<\/p>\n<p><strong>____________________________________________________________<\/strong><\/p>\n<p style=\"text-align: center;\"><strong>Kochkurse&#8230;<\/strong><\/p>\n<p style=\"text-align: center;\"><a href=\"http:\/\/www.calas-welt.de\/wp-content\/uploads\/2012\/07\/160418_Collage_Kochkurse_klein.jpg\" rel=\"attachment wp-att-5038\"><img loading=\"lazy\" decoding=\"async\" class=\"alignnone size-full wp-image-5038\" src=\"http:\/\/www.calas-welt.de\/wp-content\/uploads\/2012\/07\/160418_Collage_Kochkurse_klein.jpg\" alt=\"160418_Collage_Kochkurse_klein\" width=\"800\" height=\"400\" srcset=\"http:\/\/www.calas-welt.de\/wp-content\/uploads\/2012\/07\/160418_Collage_Kochkurse_klein.jpg 800w, http:\/\/www.calas-welt.de\/wp-content\/uploads\/2012\/07\/160418_Collage_Kochkurse_klein-300x150.jpg 300w, http:\/\/www.calas-welt.de\/wp-content\/uploads\/2012\/07\/160418_Collage_Kochkurse_klein-768x384.jpg 768w\" sizes=\"auto, (max-width: 800px) 100vw, 800px\" \/><\/a><\/p>\n<p style=\"text-align: center;\"><strong>\u00a0<\/strong><\/p>\n<p style=\"text-align: center;\">&#8230;.biete ich nur noch\u00a0 in privatem Rahmen an &#8211;<br \/>\ndu kannst jederzeit Gastgeber f\u00fcr einen Kochkurs werden!<\/p>\n<p style=\"text-align: center;\">Du brauchst<\/p>\n<p style=\"text-align: center;\">&#8211; eine K\u00fcche, die entweder offen ist oder gro\u00df genug , dass 7 Personen (Cala, du + 5 G\u00e4ste) darin Platz haben (sie m\u00fcssen aber nicht alle gleichzeitig arbeiten k\u00f6nnen).<br \/>\n&#8211; 5 zahlende G\u00e4ste \u2013 die Kosten pro Person betragen 49,00 \u20ac inkl. Bio-Lebensmittel<br \/>\ndu als Gastgeber\/in bist eingeladen und bezahlst nichts. F\u00fcr gr\u00f6\u00dfere Gruppen ist nach R\u00fccksprache auch die Buchung<br \/>\neines Kochstudios m\u00f6glich.<\/p>\n<p style=\"text-align: center;\">Termine und Inhalte des Kochkurses kannst du per Mail mit mir abstimmen:<br \/>\ninfo@cala-kocht.de<\/p>\n<p style=\"text-align: center;\">Das sagen die Teilnehmer \u00fcber meine Kochkurse:<br \/>\n&#8222;Danke, dein Kochkurs war super! (2015)&#8220;<br \/>\n&#8222;Genial &#8211; ich habe unglaublich viel gelernt und bin super motiviert &#8211; danke f\u00fcr alles!&#8220; (2014)<\/p>\n<p style=\"text-align: center;\">***********************************************************************<\/p>\n<p style=\"text-align: center;\"><strong>Cala stundenweise buchen<\/strong><\/p>\n<p style=\"text-align: center;\">F\u00fcr Events, private Kochkurse &amp; Coachings kannst du mich auch stundenweise buchen,\u00a0 z.B. wenn du in deiner eigenen K\u00fcche ganz privat unterrichtet werden m\u00f6chtest oder wenn du G\u00e4ste hast, die du bekochen (lassen) oder gemeinsam mit mir bekochen m\u00f6chtest.<br \/>\nDu kannst mir einfach mailen und wir stimmen die Details ab.<\/p>\n<p style=\"text-align: center;\">**********************************************************<\/p>\n<p style=\"text-align: center;\"><strong>Firmenanfragen oder Anfragen f\u00fcr Vortr\u00e4ge<br \/>\n<\/strong>Gerne stehe ich f\u00fcr die Schulung Ihrer Mitarbeiter, f\u00fcr Firmenevents<br \/>\nund Vortr\u00e4ge zur Verf\u00fcgung. Bitte kontaktieren Sie mich per EMail.<\/p>\n<p style=\"text-align: center;\">**********************************************************<\/p>\n<p style=\"text-align: center;\">Informationen und Anmeldung zu allen Veranstaltungen:<br \/>\ninfo@cala-kocht.de oder telefonisch: 0177-3056987<\/p>\n","protected":false},"excerpt":{"rendered":"<p>Termine bei Cala kocht &#8211; Veranstaltungs\u00fcbersicht Wenn nicht anders angegeben finden alle Veranstaltungen bei uns in Rodgau J\u00fcgesheim, Westring 29 statt. Anmeldung: info@cala-kocht.de oder telefonisch unter 0177-3056987 wichtig: bitte auch bei kostenlosen Veranstaltungen bitte unbedingt vorher anmelden. Anmeldungen f\u00fcr kostenpflichtige Veranstaltungen sind verbindlich. _____________________________________________________________ Themenabende Die Themenabende machen durch das erworbene Hintergrundwissen Lust, sich (wieder) [&hellip;]<\/p>\n","protected":false},"author":3,"featured_media":0,"parent":0,"menu_order":0,"comment_status":"open","ping_status":"open","template":"","meta":{"jetpack_post_was_ever_published":false,"footnotes":""},"class_list":["post-1586","page","type-page","status-publish","hentry"],"jetpack_sharing_enabled":true,"jetpack_shortlink":"https:\/\/wp.me\/PahbD2-pA","_links":{"self":[{"href":"http:\/\/www.calas-welt.de\/index.php?rest_route=\/wp\/v2\/pages\/1586","targetHints":{"allow":["GET"]}}],"collection":[{"href":"http:\/\/www.calas-welt.de\/index.php?rest_route=\/wp\/v2\/pages"}],"about":[{"href":"http:\/\/www.calas-welt.de\/index.php?rest_route=\/wp\/v2\/types\/page"}],"author":[{"embeddable":true,"href":"http:\/\/www.calas-welt.de\/index.php?rest_route=\/wp\/v2\/users\/3"}],"replies":[{"embeddable":true,"href":"http:\/\/www.calas-welt.de\/index.php?rest_route=%2Fwp%2Fv2%2Fcomments&post=1586"}],"version-history":[{"count":317,"href":"http:\/\/www.calas-welt.de\/index.php?rest_route=\/wp\/v2\/pages\/1586\/revisions"}],"predecessor-version":[{"id":6766,"href":"http:\/\/www.calas-welt.de\/index.php?rest_route=\/wp\/v2\/pages\/1586\/revisions\/6766"}],"wp:attachment":[{"href":"http:\/\/www.calas-welt.de\/index.php?rest_route=%2Fwp%2Fv2%2Fmedia&parent=1586"}],"curies":[{"name":"wp","href":"https:\/\/api.w.org\/{rel}","templated":true}]}}

<p style="text-align: center;"><a href="http://www.calas-welt.de/wp-content/uploads/2012/07/160306_Collage_Stammtisch_Cala_1_klein.jpg" rel="attachment wp-att-4959"><img loading="lazy" decoding="async" class="alignnone size-full wp-image-4959" src="http://www.calas-welt.de/wp-content/uploads/2012/07/160306_Collage_Stammtisch_Cala_1_klein.jpg" alt="160306_Collage_Stammtisch_Cala_1_klein" width="800" height="400" srcset="http://www.calas-welt.de/wp-content/uploads/2012/07/160306_Collage_Stammtisch_Cala_1_klein.jpg 800w, http://www.calas-welt.de/wp-content/uploads/2012/07/160306_Collage_Stammtisch_Cala_1_klein-300x150.jpg 300w, http://www.calas-welt.de/wp-content/uploads/2012/07/160306_Collage_Stammtisch_Cala_1_klein-768x384.jpg 768w" sizes="auto, (max-width: 800px) 100vw, 800px" /></a></p>
<p style="text-align: center;"><b>Termine bei Cala kocht &#8211; Veranstaltungsübersicht<br />
</b><br />
Wenn nicht anders angegeben finden alle Veranstaltungen bei uns in<br />
Rodgau Jügesheim, Westring 29 statt.<b><br />
</b></p>
<p style="text-align: center;">Anmeldung: info@cala-kocht.de<br />
oder telefonisch unter 0177-3056987<b><br />
</b>wichtig: bitte auch bei kostenlosen Veranstaltungen bitte unbedingt vorher anmelden.<br />
<span style="text-decoration: underline;">Anmeldungen für kostenpflichtige Veranstaltungen sind verbindlich</span>. <b></b></p>
<p style="text-align: center;">_____________________________________________________________</p>
<p><strong>Themenabende</strong></p>
<p>Die Themenabende machen durch das erworbene Hintergrundwissen Lust, sich (wieder) gesund zu ernähren, geben Tipps für den Alltag und vermitteln Handlungalternativen.<br />
<strong><br />
Themenabend &#8222;Intermittierendes Fasten&#8220;<br />
</strong>&#8212; noch kein neuer Termin festgelegt &#8212;</p>
<p style="text-align: center;">Das Intermittierende Fasten ist im Moment einer der größten Ernährungstrends.<br />
Aber was ist das genau? Wie geht das? Ist das gesund? Was passiert im Körper beim intermittierenden Fasten? Ist das alltagtauglich? Worauf muss man achten? Und ist das für jeden gleichermaßen geeignet?</p>
<p style="text-align: center;"><strong>Themenabend</strong> &#8222;<strong>Gibt es eine artgerechte Ernähung für den Menschen?</strong>&#8220;<br />
&#8212; noch kein neuer Termin festgelegt &#8212;</p>
<p style="text-align: center;">Bei unseren Haustieren ist es für uns selbstverständlich, sie artgerecht zu ernähren. Niemand von uns käme auf die Idee, einen Hund mit Brot und Kuchen oder ein Pferd mit Bratwurst zu füttern. Statt dessen legen wir Wert auf eine artgerechte Ernährung und orientieren und dabei an den biolgischen Gegebenheiten.<br />
Müsste es dann nicht auch eine artgerechte Ernährung für den Menschen geben?<br />
Und wenn ja &#8211; wie müsste diese aussehen?</p>
<p style="text-align: center;"><strong>Themenabend &#8222;Zucker&#8220;</strong><br />
&#8212; noch kein neuer Termin festgelegt &#8212;</p>
<p>Ist Zucker ein Freund oder ein Feind? Wozu braucht der Körper Zucker?<br />
Was passiert mit Zucker im Stoffwechsel? Gibt es gesunde Zuckeralternativen?</p>
<p style="text-align: center;">Zucker wird immer wieder heiß diskutiert. Sogar von einer Zuckersucht ist die Rede. Kann das sein? Müssen wir Zucker wirklich aus der Ernährung streichen und &#8211; falls ja &#8211; welche Alternativen gibt es?</p>
<p style="text-align: center;">Ich werde leicht verständlich Hintergrundinformationen geben und gerne auch Teilnehmerfragen aufgreifen.</p>
<p style="text-align: center;"><strong>Themenabend Omega-3<br />
Donnerstag, 01. August 2019, 19 Uhr<br />
</strong>&#8212; noch kein neuer Termin festgelegt &#8212;<strong><br />
</strong><br />
OMEGA-3-Fettsäuren haben eine wichtige Funktion in der Ernährung.<br />
Zahlreiche Studien zeigen, dass eine gute Versorgung mit OMEGA-3-Fettsäuren für den Stoffwechsel und die Gesundheit entscheidend ist.<br />
Worauf Sie achten sollten, wann Supplemente sinnvoll sind und wie man den Bedarf an OMEGA-3-Fettsäuren sinnvoll decken kann, schauen wir uns gemeinsam an.</p>
<p style="text-align: center;">Die Themenabende sind auf maximal 8 Teilnehmer beschränkt.<br />
Sie kosten 29,00 € pro Person inkl. Handout<br />
Die Themenabende finden in Calas Esszimmer statt:<br />
Westring 29, 63110 Rodgau<br />
Anmeldung per EMail an info@cala-kocht-de</p>
<p>_______________________________________________________________</p>
<p style="text-align: center;"><strong>RINGANA Fresh Dates<br />
</strong>(Präsentation der <a href="http://www.ringana.com/465259">RINGANA-Produkte</a> für Interessierte)</p>
<p style="text-align: center;">Fresh Dates bei mir (Calas Esszimmer)<br />
&#8212; noch kein neuen Termine festgelegt &#8212;</p>
<p style="text-align: center;">Infos und Anmeldung: info@cala-kocht.de<br />
Die Teilnahme an allen Fresh Dates ist kostenlos.</p>
<p><strong>____________________________________________________________</strong></p>
<p style="text-align: center;"><strong>Kochkurse&#8230;</strong></p>
<p style="text-align: center;"><a href="http://www.calas-welt.de/wp-content/uploads/2012/07/160418_Collage_Kochkurse_klein.jpg" rel="attachment wp-att-5038"><img loading="lazy" decoding="async" class="alignnone size-full wp-image-5038" src="http://www.calas-welt.de/wp-content/uploads/2012/07/160418_Collage_Kochkurse_klein.jpg" alt="160418_Collage_Kochkurse_klein" width="800" height="400" srcset="http://www.calas-welt.de/wp-content/uploads/2012/07/160418_Collage_Kochkurse_klein.jpg 800w, http://www.calas-welt.de/wp-content/uploads/2012/07/160418_Collage_Kochkurse_klein-300x150.jpg 300w, http://www.calas-welt.de/wp-content/uploads/2012/07/160418_Collage_Kochkurse_klein-768x384.jpg 768w" sizes="auto, (max-width: 800px) 100vw, 800px" /></a></p>
<p style="text-align: center;"><strong> </strong></p>
<p style="text-align: center;">&#8230;.biete ich nur noch  in privatem Rahmen an &#8211;<br />
du kannst jederzeit Gastgeber für einen Kochkurs werden!</p>
<p style="text-align: center;">Du brauchst</p>
<p style="text-align: center;">&#8211; eine Küche, die entweder offen ist oder groß genug , dass 7 Personen (Cala, du + 5 Gäste) darin Platz haben (sie müssen aber nicht alle gleichzeitig arbeiten können).<br />
&#8211; 5 zahlende Gäste – die Kosten pro Person betragen 49,00 € inkl. Bio-Lebensmittel<br />
du als Gastgeber/in bist eingeladen und bezahlst nichts. Für größere Gruppen ist nach Rücksprache auch die Buchung<br />
eines Kochstudios möglich.</p>
<p style="text-align: center;">Termine und Inhalte des Kochkurses kannst du per Mail mit mir abstimmen:<br />
info@cala-kocht.de</p>
<p style="text-align: center;">Das sagen die Teilnehmer über meine Kochkurse:<br />
&#8222;Danke, dein Kochkurs war super! (2015)&#8220;<br />
&#8222;Genial &#8211; ich habe unglaublich viel gelernt und bin super motiviert &#8211; danke für alles!&#8220; (2014)</p>
<p style="text-align: center;">***********************************************************************</p>
<p style="text-align: center;"><strong>Cala stundenweise buchen</strong></p>
<p style="text-align: center;">Für Events, private Kochkurse &amp; Coachings kannst du mich auch stundenweise buchen,  z.B. wenn du in deiner eigenen Küche ganz privat unterrichtet werden möchtest oder wenn du Gäste hast, die du bekochen (lassen) oder gemeinsam mit mir bekochen möchtest.<br />
Du kannst mir einfach mailen und wir stimmen die Details ab.</p>
<p style="text-align: center;">**********************************************************</p>
<p style="text-align: center;"><strong>Firmenanfragen oder Anfragen für Vorträge<br />
</strong>Gerne stehe ich für die Schulung Ihrer Mitarbeiter, für Firmenevents<br />
und Vorträge zur Verfügung. Bitte kontaktieren Sie mich per EMail.</p>
<p style="text-align: center;">**********************************************************</p>
<p style="text-align: center;">Informationen und Anmeldung zu allen Veranstaltungen:<br />
info@cala-kocht.de oder telefonisch: 0177-3056987</p>

<p>Termine bei Cala kocht &#8211; Veranstaltungsübersicht Wenn nicht anders angegeben finden alle Veranstaltungen bei uns in Rodgau Jügesheim, Westring 29 statt. Anmeldung: info@cala-kocht.de oder telefonisch unter 0177-3056987 wichtig: bitte auch bei kostenlosen Veranstaltungen bitte unbedingt vorher anmelden. Anmeldungen für kostenpflichtige Veranstaltungen sind verbindlich. _____________________________________________________________ Themenabende Die Themenabende machen durch das erworbene Hintergrundwissen Lust, sich (wieder) [&hellip;]</p>
